)?
3, 89
Suppose 3*d + 5*t - 34 = 0, -2*d - t + 5*t - 14 = 0. Suppose -4*n = -5*x - 0*n + 61, 5*x - d*n - 62 = 0. Let a = 27 - x. List the prime factors of a.
2, 7
Let r = 259 - 149. Let s = -56 + r. List the prime factors of s.
2, 3
Suppose 0 = -q + 4*s - 10, 0*q + 14 = 3*q - s. Suppose 3*a = 201 + q. List the prime factors of a.
3, 23
Let n = -802 - -1023. What are the prime factors of n?
13, 17
Suppose 0 = 5*y - 2*i + 3*i - 574, -3*i = y - 112. Let p = y - 66. What are the prime factors of p?
7
Let z = 29 - 36. Let c(n) = 3*n**3 + 7*n**2 + 9*n - 17. Let k(w) = -w**3 - 2*w**2 - 3*w + 6. Let v(d) = 6*c(d) + 17*k(d). What are the prime factors of v(z)?
2, 7
Suppose 2 - 26 = -4*p - v, -4*v + 26 = 2*p. Suppose 0 = -p*s + 148 + 237. What are the prime factors of s?
7, 11
Let b(m) = m**3 - 3*m**2 + m - 4. Let g(z) = z**3 + 4*z**2 + z - 2. Let y be g(-3). Let c be b(y). Let x = 4 + c. What are the prime factors of x?
2, 5
Suppose -125*a = -117*a - 1528. List the prime factors of a.
191
Let w(z) = z**3 - 9*z**2 + 2*z - 14. Let o be w(9). Suppose -3*t - 97 = 2*m - 3*m, -4*m - o*t = -468. List the prime factors of m.
2, 7
Let w(r) = 11*r**2 - 7*r - 2. Let a be w(-5). Suppose j + 2*j - a = 5*y, -y + j - 62 = 0. Let l = -41 - y. What are the prime factors of l?
2, 5
Suppose b = 2*n + 101, 2*b = 7*b + 2*n - 481. List the prime factors of b.
97
Let y(m) = 5*m**2 + m - 1. Let q be y(1). Suppose f = -x - 1 + q, 2*x - 7 = -f. List the prime factors of (-3 + 44 - x) + 1.
3, 13
Suppose -5*q = -5*f - 2900, 5*f - 3*f + 2897 = 5*q. List the prime factors of q.
3, 193
Let t = 7 + 17. Let v = -13 + t. Suppose 0 = -3*b - 4*r + 62, -4*b + r = -v - 78. What are the prime factors of b?
2, 11
Suppose -1 = b, 4*b - 538 = -4*w + 2*w. Suppose 4*q - w = 405. List the prime factors of q.
13
Let s = 56 + -101. What are the prime factors of -1*(5 + -4) - s?
2, 11
Let s be (18/(-12))/(3/468). What are the prime factors of (-80)/(-12)*s/(-12)?
2, 5, 13
Let f = -82 - -82. Suppose 4*h + 6*h - 190 = f. List the prime factors of h.
19
Suppose 494 = 4*h - 1334. What are the prime factors of 34/153 + h/9?
3, 17
Suppose 5*y + 1 = -2*s - 1, 2 = -2*y - 2*s. Let m(i) = 24 - 7*i**2 - i + 3*i**2 + 5*i**2 + 0*i**2. What are the prime factors of m(y)?
2, 3
Let v be 24/(-14)*189/(-6). Let r = 76 - v. Let s = r - 0. List the prime factors of s.
2, 11
Let n(w) = 2*w**2 - 3*w + 3. Let f be n(2). Suppose -141 = -f*q + 289. Let s = -61 + q. List the prime factors of s.
5
Let r = 2629 + -165. What are the prime factors of r?
2, 7, 11
Let h = 7 - 9. Let l be h*(-3)/(-6) + 57. Let y = -36 + l. What are the prime factors of y?
2, 5
Let w(u) be the first derivative of -15*u**4/4 - u**3 - 2*u**2 - 2*u + 34. What are the prime factors of w(-2)?
2, 3, 19
Let h(j) = 730*j - 667. List the prime factors of h(6).
47, 79
Let v(n) = -2*n - 18. Let m be v(-12). Suppose 3*q + m = 2*q. What are the prime factors of (4/q)/((-4)/42)?
7
Let x(b) = -b - 15. Let i(n) = 2*n + 31. Let c(y) = 6*i(y) + 13*x(y). Let o be c(-13). Let f(s) = s**3 + s**2 - 2*s - 1. What are the prime factors of f(o)?
71
Suppose -v - v + 4 = 0. Suppose -v*u - 72 + 180 = 0. Suppose r = -2*q + u, 0*q - r + 28 = q. List the prime factors of q.
2, 13
Let h = -49 - -63. What are the prime factors of h?
2, 7
List the prime factors of (((-15708)/(-105))/(-17))/((-4)/1830).
2, 3, 11, 61
Let i be (-4)/24 + (-1279)/(-6). Suppose 14*t - i = 11*t. Suppose -4*d = -2*k + 82, 5 = 2*k - 2*d - t. List the prime factors of k.
5, 7
Let n(m) = 5*m + 3. Let i(b) = 5*b + 4. Let h(s) = 2*i(s) - 3*n(s). Let p be h(-2). Suppose y + 2 = p. What are the prime factors of y?
7
Let n(w) = 82*w + 1. Let h be n(1). Suppose -4*g = 12, -5*g - h - 103 = -3*r. List the prime factors of r.
3, 19
Suppose -2*b = -4*j, -5*b + 5 = -5. Let d = -15 - j. List the prime factors of ((-10)/2)/(2/d).
2, 5
Let u = 106 + -104. Suppose 2*y - 228 = -u*b, b = 5*b - 5*y - 438. List the prime factors of b.
2, 7
Suppose 50 + 190 = -5*y. What are the prime factors of (y/40)/(3/(-130))?
2, 13
Let i = -306 - -1583. List the prime factors of i.
1277
Let h = 16 + 148. What are the prime factors of h?
2, 41
Let d(m) = m**2 + 9*m + 39. What are the prime factors of d(-19)?
229
Suppose -5*d + d - 64 = 0. Let b be (-1 + 45/(-10))*-32. What are the prime factors of b/10 + d/(-40)?
2, 3
Suppose -35 = -4*w - 2*c - 3, 44 = 4*w + 5*c. List the prime factors of (-4 - (-20)/8)*(-428)/w.
107
Suppose -12*b = -979 - 41. What are the prime factors of b?
5, 17
Let c(f) = -19*f - 1. Let b be 1 + (3 - 10) + 2. What are the prime factors of c(b)?
3, 5
Suppose -5*n = 0, 3*d + 267*n - 9003 = 262*n. What are the prime factors of d?
3001
Let f(a) = -a**2 - 6*a + 5. Let m be f(-7). Let x(s) = -34*s**3 + 4*s**2 + 5*s + 4. List the prime factors of x(m).
2, 3, 47
Suppose 0 = -3*j + 4*b + 540, 0 = 4*j - 4*b + b - 713. Let q = -113 + j. Suppose -21 = y - q. List the prime factors of y.
2, 3, 7
Let a(p) be the first derivative of 154*p**3/3 - 3*p**2/2 + 5*p - 5. Let i be a(2). What are the prime factors of i/55 - (-2)/(-11)?
11
Suppose -5*y + 2*y - 9 = o, 5 = 5*y. Let n = o + 25. List the prime factors of n.
13
Let j(s) be the first derivative of 3*s**2/2 - 5*s + 7. List the prime factors of j(15).
2, 5
List the prime factors of (6475/20 - -4) + (-4)/(-16).
2, 41
Suppose -2*t - 4*p - 2 = 0, 3*t - 10 = -t - p. Suppose 4*u = -t*i + 250, 0 = 3*u - 9*i + 4*i - 173. List the prime factors of u.
61
List the prime factors of ((-70)/15)/(2/(-9)).
3, 7
Let c(v) = 0*v**2 + v**2 + 12*v - 78 + 74. List the prime factors of c(-14).
2, 3
Suppose 58*w - 61*w = -3*k + 14241, k - 5*w - 4751 = 0. List the prime factors of k.
2, 3, 7, 113
Let t = -2 - -5. Suppose 4*b - f = b, -3*f = t*b. List the prime factors of (b - -38 - -1) + 3.
2, 3, 7
Let d(u) = u + 4. Let h be d(0). Suppose -k - 4 = 4*q, h = q - 2*q - k. Suppose -v + 32 + 47 = q. List the prime factors of v.
79
Let s = 116 + -81. Suppose -13 = -k - b, 0*b = -2*k + b + s. List the prime factors of (-12)/k + 30/8.
3
Let y be (5 - (-1537)/4) + (-1)/4. Let p = y - 137. List the prime factors of p.
2, 3, 7
Let b(q) = -152*q + 548. What are the prime factors of b(-19)?
2, 859
Let x = 35 + -15. Let v = x - 14. Let g(m) = 2*m - 6. What are the prime factors of g(v)?
2, 3
Let g be (0/(-5))/(-1 - -2). Suppose h + 5*y - 47 = g, -5*h = 5*y - 407 + 112. What are the prime factors of h?
2, 31
Let z be ((-150)/21 + 2)/((-2)/14). Suppose 0 = a + a - 4. Suppose a*w - 56 = -p - 2*p, 2*w = -2*p + z. What are the prime factors of p?
2, 5
Suppose 0 = m - 0*t - 4*t - 24, 0 = -2*m - t + 3. Let v(d) = -2 - 4*d + 12 - 1 + m. What are the prime factors of v(-4)?
29
Suppose -4*f + 167 = 2*k - 137, 3*f = -k + 151. Let m = k - 16. List the prime factors of m.
2, 3, 23
Suppose 4*z - 209 = 19. Suppose 0 = -18*i + 19*i - z. List the prime factors of i.
3, 19
Suppose g + 383 = j, -3*j - 1505 = -7*j - 5*g. List the prime factors of j.
2, 5, 19
Suppose 5*s - 9 = m + 16, 4*s = m + 21. What are the prime factors of (-120)/(-32)*s/1?
3, 5
Let f = -1007 + 1923. List the prime factors of f.
2, 229
Let o(p) = p**2 + 17*p. Let i be o(-17). Suppose -29 = -2*a - 2*r - r, i = 5*a + 5*r - 65. Suppose -4*u - a = -6*u. List the prime factors of u.
5
Let s = 12 + -15. Let r(a) = 2*a**2 + 4*a + 9. Let f be r(s). Suppose 22 = c + 3*b - f, -c = b - 39. List the prime factors of c.
2, 5
Suppose -w + 7 = 5*d - 72, -4*w = -d - 1. Suppose 3*m - 5*t = 157, 5 = -4*t - d. What are the prime factors of m?
2, 11
Suppose 0 = 2*a - 5 - 5. Suppose 5*s - 133 = -2*g, -3*s + a*s - 5*g = 30. List the prime factors of s.
5
Let f be (3 - 2)/1*221/1. Suppose 7 = 3*l - f. What are the prime factors of l?
2, 19
Let t(p) = -6*p - 10. Let q be t(-8). Let h = q - 20. Suppose 0 = -0*f + f - h. What are the prime factors of f?
2, 3
Let s = 807 - 476. What are the prime factors of s?
331
List the prime factors of (3 - 308/11)/((-1)/155).
5, 31
Let z(f) = -32*f. Let n be z(-3). Suppose -m - n = -3*m. Suppose 0 = -2*t + m - 10. List the prime factors of t.
19
Suppose -2*s - 63 + 232 = -5*v, -119 = -2*s - 5*v. Suppose s*k - 71*k = 57. List the prime factors of k.
3, 19
Let v = -164 + 821. What are the prime factors of v?
3, 73
Let u = 183 + -54. Suppose 8*t - 1791 = u. W